{"id":24,"date":"2016-03-18T08:49:53","date_gmt":"2016-03-18T08:49:53","guid":{"rendered":"http:\/\/www.nask.cz\/wp-content\/uploads\/2016\/03\/nask-09-182.jpg"},"modified":"2016-03-18T11:44:53","modified_gmt":"2016-03-18T11:44:53","slug":"nask-09-182","status":"inherit","type":"attachment","link":"https:\/\/www.nask.cz\/index.php\/2016\/03\/02\/hello-world\/nask-09-182\/","title":{"rendered":"V\u011bra Chytilov\u00e1 2009"},"author":1,"comment_status":"closed","ping_status":"closed","template":"","meta":{"ngg_post_thumbnail":0},"description":{"rendered":"<p class=\"attachment\"><a href='https:\/\/www.nask.cz\/wp-content\/uploads\/2016\/03\/nask-09-182.jpg'><img loading=\"lazy\" width=\"300\" height=\"200\" src=\"https:\/\/www.nask.cz\/wp-content\/uploads\/2016\/03\/nask-09-182-300x200.jpg\" class=\"attachment-medium size-medium\" alt=\"\" decoding=\"async\" srcset=\"https:\/\/www.nask.cz\/wp-content\/uploads\/2016\/03\/nask-09-182-300x200.jpg 300w, https:\/\/www.nask.cz\/wp-content\/uploads\/2016\/03\/nask-09-182-1024x684.jpg 1024w\" sizes=\"(max-width: 300px) 100vw, 300px\" \/><\/a><\/p>\n"},"caption":{"rendered":"<p>re\u017eis\u00e9rka V\u011bra Chytilov\u00e1 p\u0159eb\u00edr\u00e1 cenu od prezidenta akademie Radovana Novotn\u00e9ho<\/p>\n"},"alt_text":"","media_type":"image","mime_type":"image\/jpeg","media_details":{"width":2816,"height":1880,"file":"2016\/03\/nask-09-182.jpg","sizes":{"thumbnail":{"file":"nask-09-182-150x150.jpg","width":150,"height":150,"mime_type":"image\/jpeg","source_url":"https:\/\/www.nask.cz\/wp-content\/uploads\/2016\/03\/nask-09-182-150x150.jpg"},"medium":{"file":"nask-09-182-300x200.jpg","width":300,"height":200,"mime_type":"image\/jpeg","source_url":"https:\/\/www.nask.cz\/wp-content\/uploads\/2016\/03\/nask-09-182-300x200.jpg"},"large":{"file":"nask-09-182-1024x684.jpg","width":1024,"height":684,"mime_type":"image\/jpeg","source_url":"https:\/\/www.nask.cz\/wp-content\/uploads\/2016\/03\/nask-09-182-1024x684.jpg"},"post-thumbnail":{"file":"nask-09-182-672x372.jpg","width":672,"height":372,"mime_type":"image\/jpeg","source_url":"https:\/\/www.nask.cz\/wp-content\/uploads\/2016\/03\/nask-09-182-672x372.jpg"},"twentyfourteen-full-width":{"file":"nask-09-182-1038x576.jpg","width":1038,"height":576,"mime_type":"image\/jpeg","source_url":"https:\/\/www.nask.cz\/wp-content\/uploads\/2016\/03\/nask-09-182-1038x576.jpg"},"full":{"file":"nask-09-182.jpg","width":2816,"height":1880,"mime_type":"image\/jpeg","source_url":"https:\/\/www.nask.cz\/wp-content\/uploads\/2016\/03\/nask-09-182.jpg"}},"image_meta":{"aperture":5,"credit":"","camera":"Canon EOS 400D DIGITAL","caption":"","created_timestamp":1254857896,"copyright":"","focal_length":"41","iso":"400","shutter_speed":"0.016666666666667","title":"","orientation":1}},"post":1,"source_url":"https:\/\/www.nask.cz\/wp-content\/uploads\/2016\/03\/nask-09-182.jpg","_links":{"self":[{"href":"https:\/\/www.nask.cz\/index.php\/wp-json\/wp\/v2\/media\/24"}],"collection":[{"href":"https:\/\/www.nask.cz\/index.php\/wp-json\/wp\/v2\/media"}],"about":[{"href":"https:\/\/www.nask.cz\/index.php\/wp-json\/wp\/v2\/types\/attachment"}],"author":[{"embeddable":true,"href":"https:\/\/www.nask.cz\/index.php\/wp-json\/wp\/v2\/users\/1"}],"replies":[{"embeddable":true,"href":"https:\/\/www.nask.cz\/index.php\/wp-json\/wp\/v2\/comments?post=24"}]}}

Věra Chytilová 2009

<p>režisérka Věra Chytilová přebírá cenu od prezidenta akademie Radovana Novotného</p>
